f + 12 = 0. Let a(l) = 0*l + l**2 + 2 - n*l + 2*l. Let q be 30/(-9)*(-2 + 8/10). Give a(q).
10
Let p(k) = 6*k**3 + k - 1. Let u be p(1). Suppose -3*j = u + 3. Let h(v) = -v**3 - v**2 + v - 4. What is h(j)?
11
Let r = 68 + -73. Let q(s) = s**3 + 5*s**2 - 2*s - 3. Calculate q(r).
7
Let t(u) = 3*u**2 + 9*u. Let a(f) = -2*f**2 - 8*f + 1. Let w(o) = 4*a(o) + 3*t(o). Determine w(3).
-2
Let b(q) = 3*q + 3. Let w = -39 - -27. Let t = w + 9. What is b(t)?
-6
Let u(d) be the first derivative of d**4/4 - 5*d**3/3 + 2*d**2 - 2*d - 28. Give u(4).
-2
Let z(p) = -7*p**3 + 7*p**2 + 3*p + 12. Let t(k) = -3*k**3 + 3*k**2 + k + 6. Let r(d) = 5*t(d) - 2*z(d). Suppose -12 = 3*v - 3, 2*v + 6 = 4*h. Give r(h).
6
Suppose -6*d = -3*d - 6. Let n(c) = -2*c + d*c - 4*c - 3. Suppose -2*x - 10 = -0*x - 2*k, 2*x + 4*k - 8 = 0. Determine n(x).
5
Let p = -17 + 12. Let r(n) be the second derivative of -2/3*n**3 - n + 0 - 1/2*n**2 + 1/20*n**5 + 1/3*n**4. What is r(p)?
-6
Let h(d) = d**3 - 2. Let r be (2/4 + -1)*-10. Suppose 0 = s - 4*b + 5, -r*s - 3*b + 21 = -0*b. Suppose s*v = -v. What is h(v)?
-2
Let n(l) = -l**3 - l**2 - l - 3. Let v be 78/16 + (-7)/(-56). Let x(z) = -z - 1. Let s be x(-1). Suppose 0 = -s*t + v*t. What is n(t)?
-3
Let f(r) = -r + 7. Let o be f(5). Suppose 0*l - 4*l = 4*w + 16, -o*w + 12 = -2*l. Let g(j) = -5*j**2 + j. Calculate g(w).
-4
Let u(v) = -5*v + 14 + 19 - 27 - v**2. Calculate u(-5).
6
Let l(y) = 4*y + 3. Let i(t) = -9*t - 6. Let s(n) = -3*i(n) - 7*l(n). Let h be 2/(-3*(-1)/(-6)). Determine s(h).
1
Let s(u) = -11*u - 18. Let k(r) = -7*r - 12. Let q(x) = -8*k(x) + 5*s(x). Give q(-8).
-2
Let o(n) = 4*n - n + n - n**3 + 3*n**2 + n**2 - 2. Calculate o(5).
-7
Let c(j) be the first derivative of j**4 + j**3/3 + 10*j - 4. Let h(m) = -3*m**3 - m**2 - 10. Let z(s) = -2*c(s) - 3*h(s). Calculate z(0).
10
Let g(j) = j - j**2 - 31*j**3 + 16*j**3 + 16*j**3 + 9 + 8*j**2. Suppose -7 - 18 = 3*z - f, 3*z + 5*f = -1. Give g(z).
2
Let k(m) be the first derivative of -m**4/4 - m**3/6 - m**2/2 + 3. Let y(x) be the second derivative of k(x). Suppose 0*f = -3*f + 3. Calculate y(f).
-7
Let r(t) = t + 12. Let f = -10 - -19. Suppose -v = -f + 14. Calculate r(v).
7
Let w(z) be the second derivative of -z**3/6 + 3*z. What is w(-6)?
6
Let j(m) = m**2 + 4*m - 9. Let f(h) = -4*h. Let a be f(2). Let r be j(a). Suppose 2*k = -5*v - 15, -5*k = -0*v - 2*v + r. Let b(d) = 3*d**2 - 1. Determine b(v).
2
Let n(p) = -p**2 + 2*p + 4. Let x(b) = -b + 20. Let i be x(17). What is n(i)?
1
Let y(m) be the third derivative of -m**5/30 + 5*m**4/24 + 2*m**3/3 - m**2. Suppose 6*o - 25 = o. Suppose -2*l = -13 + o. Give y(l).
-8
Let w(i) = i**2 - 8*i - 3. Suppose 0 = -5*y + y + 28. Give w(y).
-10
Let o(i) = i**2 + 2*i - 3. Suppose 4*g - y - 18 = 0, 5*y + 1 - 3 = -3*g. Let v = -1 + g. Determine o(v).
12
Let m = 4 - 8. Let w(k) be the second derivative of -k**5/20 - 5*k**4/12 - k**3 - 3*k**2 + k. Let r be w(m). Let t(p) = -p**2 + 3*p - 2. What is t(r)?
0
Let h = 204 - 212. Let n(s) = s**2 + 9*s + 6. What is n(h)?
-2
Let j(i) = 3*i**2 + 364*i - 370*i - 6 - 2*i**2. What is j(7)?
1
Let u(n) = -n**2 - 5*n - 1. Let f(a) = -10*a**2 + 2*a + 3. Let c be f(3). Let r be c/(-18)*8/(-6). What is u(r)?
-7
Let b(s) = s**2 + 3*s + 1. Suppose 2*z - d + 0*d = 0, 2*z = -2*d - 6. Let h be 5/z - -2*1. Give b(h).
1
Let f(m) = m - 3. Let s(n) = -n - 6. Let a be s(-6). Suppose 14 = 2*x + 2*o, -x - 4*o + 16 = -a*x. Let r be ((-10)/x)/(2/(-4)). Determine f(r).
2
Let s(t) be the second derivative of t**5/20 - 7*t**4/12 + t**3 - t**2/2 - 3*t. Let g be s(6). Let q(y) = -y - 2. Give q(g).
-1
Let t = -8 + 8. Let p(v) be the first derivative of v**4/4 + v**3/3 + v**2/2 + 1. Calculate p(t).
0
Let b(t) = -t**3 + 2*t**2 + 2*t - 2. Suppose 6 + 0 = 2*n. Let v be (6/9)/1*n. What is b(v)?
2
Suppose 2*r - 4 = -2. Let u be 7 + -1 + 1/r. Let t(m) = -u*m - 2*m + 1 + m. What is t(-1)?
9
Suppose z - 4 = 4. Let u be (-1)/(((-10)/z)/(-5)). Let p(a) = -3 + 2*a + 6 + 0. Give p(u).
-5
Let u(n) = -2*n**2 - 2*n - 1. Let f(q) = 3*q**2 + 2*q + 1. Let x(l) = 3*f(l) + 4*u(l). Suppose 2*c = 6 - 0. Calculate x(c).
2
Suppose y - 3 = -3*t, 8 = t - 2*y - 0*y. Let l be 1 + 3 - 12/t. Let f(g) be the first derivative of g**4/4 + g**3 + g**2 + 3*g + 1. What is f(l)?
3
Let h(o) be the third derivative of -2/15*o**5 - 7*o**2 + 0*o - 1/6*o**3 + 0 + 1/24*o**4. Let k be ((-2)/(-2))/((-1)/(-1)). What is h(k)?
-8
Let w(l) be the third derivative of l**6/360 - l**5/24 + l**4/6 - 3*l**3/2 + 3*l**2. Let f(y) be the first derivative of w(y). Calculate f(5).
4
Let t = -12 - -12. Suppose t = -6*o + 2*o. Let d(z) = 2*z - 3*z + 0*z - 5. Give d(o).
-5
Suppose -8*c + 3*c = -20. Suppose -5*f = 2*q + 35, f = 5*q + 24 - c. Let d(h) = h**2 + 8*h + 4. Give d(q).
-11
Let q(b) = b**2 + b + 2. Suppose i = -2*i + 9. Suppose -5*g + 43 = i*l, -l = 5*g - 38 + 7. Suppose -4*p = -p + l. What is q(p)?
4
Suppose 0*a = a. Let j be 1 + 2 + 0 + a. Suppose 6*p - j*p = 0. Let s(d) = -d**3 - d**2 + d - 7. Determine s(p).
-7
Let d(o) = 4*o**2 - 19*o - 7. Let g(i) = -i**2 + i. Let m(v) = -6*v**2 + 16*v + 5. Let j(z) = 3*g(z) - m(z). Let p(r) = -5*d(r) + 7*j(r). What is p(-5)?
5
Let f(p) = p - 1. Let u be f(1). Let a(c) = c**2 - c + 7. Let d(s) = s - 1. Let k = 1 + 0. Let i(r) = k*a(r) + 2*d(r). Determine i(u).
5
Let a(p) = 45*p + 1 - 4*p**3 + 0 - 47*p. Let i be 2/(-6) + (-40)/(-12). Let r be 0 - (-1)/(i + -2). Give a(r).
-5
Let b(f) = -4*f + 1. Let j(l) = 7*l - 2. Let r(i) = -11*b(i) - 6*j(i). Let z be 9/4 + 4/(-16). Determine r(z).
5
Let g(b) = b - 2. Let d(k) = -2. Let o(h) = -4*d(h) + 3*g(h). Calculate o(-2).
-4
Let h(u) = 1 + u - 5 + 3. Let z(j) = -7*j**2 + 5*j - 3. Let x(p) = 4*h(p) - z(p). What is x(-1)?
7
Let f(w) = w**2 + w + 4. Let i(q) = -q**3 - 7*q**2 - 6*q - 2. Let r be i(-6). Let d(b) = -b. Let o(y) = r*d(y) + f(y). What is o(-4)?
8
Suppose 3*p + 1 + 5 = 0. Suppose 2*v - v = 0. Let m(y) = v*y + y + 2 - 4*y**2 + 3*y**2. Determine m(p).
-4
Let y(v) = -v**3 + 7*v**2 + v - 3. Let r be y(7). Let h(z) = -z. Calculate h(r).
-4
Let u be 1*(1 + (-3 - 3)). Let l = -9 - -13. Let r(s) = -3*s**3 + l*s**3 + 4 + 6*s - 2 + 6*s**2. Determine r(u).
-3
Let d(h) be the third derivative of 0*h - 1/60*h**5 - 1/6*h**3 + 0 - 1/12*h**4 - 2*h**2. Suppose 0 = -3*p - 2*b + 4, 4*b - 7 = -3*p + 7. Give d(p).
-1
Let o(b) be the third derivative of -b**6/20 + b**4/24 - b**3/6 - 34*b**2. Calculate o(1).
-6
Let x be (3 - 2)*(4 + -1). Let k be (-1)/(-2*5/20). Let f(h) = -5 - x*h + 0 - h**k - 5*h. Give f(-6).
7
Suppose 5*a = 3*c + 4 - 8, 11 = 4*c - a. Suppose c*r + 0*r = -9. Let i(v) = -v**3 - 3*v**2 + v - 1. Give i(r).
-4
Let i(v) be the third derivative of v**5/60 - v**3/6 - 3*v**2. Let w be i(-2). Let k(s) = 2*s**2 - 3*s - 3. Determine k(w).
6
Let m(d) = d**2 + 5*d + 2. Suppose 15*s + 35 = -40. Determine m(s).
2
Let f(x) = 0*x - 9*x + 4 + 7*x - 2. Determine f(-2).
6
Let x(o) = o - 8. Suppose 4*n = -4*k - n + 20, -2*k - 5*n = -20. Determine x(k).
-8
Let r(h) = -h**3 + 4*h**2 + 14*h - 10. Let k be r(6). Let w(x) be the first derivative of 3 + 1/4*x**4 + 1/2*x**2 - 1/3*x**3 - k*x. What is w(2)?
4
Let p(r) = -2*r**2 - 58*r - 5. Let z be p(-29). Let l(j) = 2*j**2 + 6*j - 7. What is l(z)?
13
Let f(j) = j + 4. Let n(c) = 2*c + 7. Let k(p) = 7*f(p) - 3*n(p). What is k(-6)?
1
Let g(j) = j**3 - j**2 - 6. Let d(f) = f**2 - 8*f - 9. Let t be d(9). Determine g(t).
-6
Suppose t - 5*w = 9, -5*w - 17 = -5*t + 2*t. Let l(o) = o**2 - 4*o + 5. What is l(t)?
5
Let z(x) = -3*x - 22. Let r be z(-7). Let f(p) = -3*p**3 - p**2 + p + 1. Calculate f(r).
2
Let c(q) = q**2 + q - 1. Let j = 3 - 1. Suppose -2*x = -4 + j. Determine c(x).
1
Let c be ((-3)/(-9))/((-1)/3). Let a(t) = 7*t**3 - 2*t - 1. Give a(c).
-6
Suppose 0 = -q - 2 + 15. Suppose 3*b - 11 - q = 3*n, -b - 3*n = 12. Let l(u) = -2*u - 1. Calculate l(b).
-7
Let d(j) = 4*j**2 + 4*j + 2. Let o = 6 - 8. Determine d(o).
10
Let l(i) = 1618*i**2 + 1 - i - 1 - 1617*i**2. Determine l(0).
0
Let b(y) = 9*y**3 + 7*y**2 + 5*y + 45. Let u(x) = 5*x**3 + 4*x**2 + 3*x + 23. Let n(g) = -4*b(g) + 7*u(g). What is n(0)?
-19
Let c(f) = f**2 - 2*f + 1. Let w = 11 - 10. Calculate c(w).
0
Suppose 0 = -2*j - 7 - 1. Let i be j/(-10)*-1*10. Let p(s) = s - 1. Calculate p(i).
-5
Suppose 2*z + 12 = 10. Let y = z - -1. Le